0 = 7*l - 3*l + 4*z - 24, -3*l = 2*z - 15. Let p = r + l. What is the units digit of p?
2
Let n(a) = a**2 - 3*a. Suppose -4*b + 0*b + 16 = 0. Let o be n(b). Suppose 22 - o = 3*j. What is the units digit of j?
6
Suppose -2*h - 3*m + 8 = 0, 2*h - 5*m = 10 - 2. Let a(u) = -12*u - 5. Let d be a(-4). Suppose -h*r - 11 = -d. What is the units digit of r?
8
Let u be (1*2)/(12/42). Let m = 28 - u. What is the tens digit of m?
2
Suppose -2*t = -4*t + 8. Suppose 12 = t*o - o. Suppose -2*k = -0 - o. What is the units digit of k?
2
Suppose 0 = 3*j + 4*w + 10, -5*j - 36 = -5*w + 2*w. What is the units digit of (0 - -2)/((-4)/j)?
3
Suppose o + 5*b = -0*b + 92, 4*b = 8. What is the tens digit of o?
8
Let z be ((-2)/3)/(3/(-126)). Suppose b - 6*b = 5*n - 30, 4*n = -5*b + z. Suppose -38 = -4*k - s, -n*s + s = 5*k - 48. What is the tens digit of k?
1
What is the units digit of (-5)/35*36*(1 + -8)?
6
Let u = -5 + 4. Let q be 2 - (1/u + -5). Suppose 6*r - 3*r + q = -2*j, 14 = -j - 4*r. What is the units digit of j?
2
Suppose 0 = -22*q + 8*q + 728. What is the tens digit of q?
5
Let m be -2*-4*(-2 + 3). What is the units digit of 106/m + 3/(-12)?
3
Let i be -2*(2 + (-4 - -1)). Suppose -5*v + i*w = -256, 0*v = 4*v + 5*w - 185. What is the tens digit of v?
5
Let i(a) = a + 1. Let d(l) = -2*l - 3. Let s(t) = -d(t) - 3*i(t). Let f be s(0). Suppose 0*z + 4*z - 8 = f. What is the units digit of z?
2
Suppose 3*m - 8*m = 0. Suppose 2*a - 7*a + 15 = m. Suppose o - 40 = -a*o. What is the tens digit of o?
1
Suppose 0 = -4*y - 0*y + 8. Suppose -3*t - 19 = -0*t - 5*s, 3*t - 16 = -y*s. Suppose 3*h = -5*x + t*h + 27, x + 2*h - 9 = 0. What is the units digit of x?
5
Let c be 1/1 + -2 + 4. Suppose -11 = u - c*x + 4*x, u + 11 = -3*x. Let v = u - -16. What is the units digit of v?
5
Let u = -96 + 203. What is the tens digit of u?
0
Let b = 37 - -38. Suppose 0 = -7*v + 4*v + b. What is the tens digit of v?
2
Let p be (-2)/(-8) - (-3)/(-12). Suppose p = i - 0*i - 14. What is the tens digit of i?
1
Suppose q + 4*z - 97 = 0, 2*q - z - 176 = -0*q. What is the units digit of q?
9
Let r(v) = -2*v - 2. Let j be r(-2). Suppose 0 = -5*z + 23 + j. Suppose y - 3*x + 57 = z*y, -5*y = 5*x - 70. What is the tens digit of y?
1
Let w(g) be the third derivative of -g**6/120 + 3*g**3/2 + 4*g**2. What is the units digit of w(0)?
9
Let g = 16 - 10. Suppose 25 = 7*i - 2*i. Suppose -3*z = i*y - 23, g*y - 12 = 4*z + 2*y. What is the units digit of z?
1
Let p = 8 - 5. Suppose 4*h = 23 - p. What is the units digit of h?
5
Let t(p) = -p**3 + 2*p**2 + 4*p + 3. Let g be t(-3). Suppose 2*y = 2*d + 28, -g = 4*y - 3*d - 90. What is the units digit of y?
2
Suppose a + 305 = 6*a. What is the tens digit of a?
6
Let h(m) = m + 5. Let j be h(0). Suppose 4*z - 46 = z - 4*i, 0 = j*z - 3*i - 125. What is the units digit of z?
2
Suppose k = -2 + 22. What is the tens digit of k?
2
Let u(g) = -17*g - 5. Suppose -5*c = 2*b - 0*b + 9, 3*b = 4*c - 2. What is the units digit of u(b)?
9
Let k = -3 - 3. Let i(n) = 12*n**3 - n**2 - n + 1. Let y be i(1). Let s = k + y. What is the units digit of s?
5
Let j(u) = -4*u**2 + u + 1. Let b be (-8)/28 - (-10)/(-14). Let y be j(b). Let z = y + 7. What is the units digit of z?
3
Let m = 7 + -9. What is the units digit of 47/9 - m/(-9)?
5
Suppose -3*p - 3*d + 1089 = 0, 0*d = -2*d + 2. What is the tens digit of p?
6
Let f(j) = -j**2 + 2 - 3 + 3. Let a be f(0). Suppose -4*w - w - 3*h = -8, 3*w - a*h = 20. What is the units digit of w?
4
Let u = -1 + 6. Suppose -u*z + 2 - 1 = -2*f, 3*z - 27 = -f. What is the units digit of f?
2
Let h = 785 - 474. What is the units digit of h?
1
Suppose -h + 45 = 2*h. Suppose -5*a - 3*b + h = 0, -b = 4*a - a - 5. Suppose n - 10 = -a*n. What is the tens digit of n?
1
Suppose 3 = 2*b - 1. Let j(s) = -s**2 + 1. Let m(r) = 3*r**2 + r - 5. Let y(i) = -6*j(i) - m(i). What is the units digit of y(b)?
9
Let n(m) be the first derivative of m**3/3 - m**2 - m + 2. Suppose 3*j - 2*j = -3*z + 11, -2*j - 10 = -2*z. What is the units digit of n(z)?
7
Let l(p) = p. Let h be l(2). Suppose -3*t + 22 = -h*z - 30, -5*t + 95 = 5*z. What is the tens digit of t?
1
Let k(t) = 124*t**3 + t. What is the tens digit of k(1)?
2
Let j = 11 - 1. What is the units digit of j?
0
Let l be 0 - (-5 - -3 - -2). Suppose -c = x - 44 + 4, 2*c - 80 = 4*x. Suppose -4*u = -l*u - c. What is the units digit of u?
0
Let x = 119 - 82. What is the tens digit of x?
3
Suppose -5*k - 4*c = -97, k - 13 = -4*c - 0*c. What is the units digit of k?
1
Suppose 2 = 2*g, k - 47 = -3*g + 9. What is the units digit of k?
3
What is the units digit of (-162)/(-8) + (-9)/(-12)?
1
Suppose -610 - 25 = -5*z. What is the tens digit of z?
2
Let y(z) = z**3 - 4*z**2 + 3*z - 3. Let c be y(3). What is the tens digit of (-1)/c*-1*-51?
1
Suppose 0 = 9*t + 4*t - 3900. What is the hundreds digit of t?
3
Suppose 0 = -4*j + 6*j + 16. Let v = -7 - j. Suppose -v = u - 20. What is the units digit of u?
9
Let u = 47 + -27. Let z = u + -7. What is the tens digit of z?
1
Let o(l) = 18*l - 1. Let w = 0 + 2. What is the units digit of o(w)?
5
Let r be 1*(-3)/2*4. Let o be (-2 + 4)*(-15)/r. Suppose 5*m + 10*j - 35 = o*j, 5*m - 5*j = 5. What is the units digit of m?
4
What is the hundreds digit of (4 + (-105)/10)*-16?
1
Let x(m) = -3*m**2 - 2*m + 1. Let s be x(-2). Let k(v) = -v + 6. What is the units digit of k(s)?
3
Let q(c) = c + 5. Let o be q(-2). Suppose -320 = -5*r + 5*s, 4*s - 12 = o*r - 207. What is the tens digit of r?
6
Let k(f) = 2*f**2 + f - 3. Let c be k(-3). Let l = 21 - c. What is the units digit of l?
9
Let l(d) = d**2 + 5*d + 8. Let v be l(-4). Suppose 0 = -2*f - 1 + 3, v*t - 175 = 5*f. What is the tens digit of t?
4
Let l(p) = 25*p**2 - 4*p - 3. What is the units digit of l(3)?
0
What is the tens digit of (-34)/(-51) - (-142)/3?
4
Let g = 23 + -17. Suppose -36 = 4*v - g*v. What is the units digit of v?
8
Let a be 0 - -6*(0 - -2). Suppose -2 = c, -4*x = -4*c - 26 + 10. Suppose -a + 4 = -x*t. What is the units digit of t?
4
Suppose -2*k - 2*w + 34 = 0, 0 = 3*k - 3*w + w - 46. What is the tens digit of k?
1
What is the units digit of (-1978)/(-18) - (-8)/(-216)*-3?
0
Suppose -5*x = -0*x + 15. Let d(k) = 2*k**2 + k - 1. What is the units digit of d(x)?
4
Let a = 249 + -162. Let c = a - 38. What is the tens digit of c?
4
Let y(f) = f**3 + 2*f**2 + 10. What is the units digit of y(4)?
6
Let s be 2/8 - 198/(-8). Suppose -2 = -3*c + s. What is the units digit of c?
9
Let o = -16 + 10. What is the units digit of (-21)/o + 1/2?
4
Suppose -90 = -3*k + 3. What is the tens digit of k?
3
Suppose 0 = 5*s - s - 2*w - 40, -20 = -3*s - w. Suppose 0*n + 4*n = s. Suppose n*d = -6 + 22. What is the units digit of d?
8
Let k = 127 + 10. What is the units digit of k?
7
Let x = 29 + -27. Suppose -x*j + 33 = -53. What is the units digit of j?
3
What is the tens digit of (1825/(-15) - -1)/((-4)/6)?
8
Suppose -t + 11 + 40 = -5*f, -t - 2*f + 86 = 0. What is the units digit of t?
6
Suppose -o = -3*u + o - 4, -3*u + 3*o - 9 = 0. Let n = u + 2. What is the units digit of n?
4
Let d = -24 - -17. Let u(x) = -3 + 0*x + 0 - x. What is the units digit of u(d)?
4
Let g(o) = 0 + o - 4 - 1. Let f be g(7). Suppose c = 3*c - f*z - 24, -3*z = -5*c + 60. What is the tens digit of c?
1
Suppose -10*c - 9*c = -5377. What is the tens digit of c?
8
Let t(u) = u**3 - u**2 - u + 1. Let s(j) = -6*j**3 + 11*j**2 + 3*j. Let c(m) = s(m) + 5*t(m). What is the units digit of c(4)?
9
Let g(f) = 20*f - 22. What is the tens digit of g(7)?
1
Let q(g) = g + 4. Let d be q(3). Let t = 14 - d. Let v(y) = y**3 - 7*y**2 + y + 5. What is the units digit of v(t)?
2
Let s = -8 + 44. What is the units digit of s?
6
Let l = 4 + 8. What is the units digit of l?
2
Suppose 5*j - 4*a - 45 = -0*a, -5*j + a = -60. What is the units digit of j?
3
Let u = 16 - 18. Let a = 44 + u. What is the tens digit of a?
4
Let v = -10 + 15. Suppose v*p + 21 = 6. Let w(a) = -a**3 - 2*a**2 - a - 3. What is the units digit of w(p)?
9
Let x(l) = -l + 25. Suppose -3*z = 2*z. What is the tens digit of x(z)?
2
Let b = -28 - -246. What is the units digit of b?
8
What is the units digit of 1/(-4) + -129*1/(-4)?
2
Let y(h) = 5*h**2 - 3*h - 3. What is the units digit of y(-1)?
5
Let f(x) = -13*x - 26. What is the units digit of